ue
Suppose 0*q = -2*q. Suppose -5*j - 212 = -3*g, q*j + 143 = 2*g - 3*j. Is g a prime number?
True
Suppose 2*l + 548 = -3*j, -3*l = -4*l - 3*j - 277. Suppose 4*c + 6*p = 8*p - 584, -2*p + 152 = -c. Let o = c - l. Is o a prime number?
True
Let f(c) = 18*c - 16. Let q be f(11). Suppose 2*w - 706 + q = 0. Is w a prime number?
False
Suppose -475 = 3*t - 2026. Is t prime?
False
Suppose 10*u - 7317 = 9233. Is u composite?
True
Let m(b) = 16*b**3 + 10*b**2 - 83*b**3 - 8*b**2 - 2*b - 4. Let w be m(-3). Let j = -1128 + w. Is j prime?
True
Let f be 18/(-42) - 8546/(-14). Let w = f + -361. Is w a prime number?
False
Let z be -3*(-1 - (-2)/(-6)). Let i be (10/(-5))/(z/(-1270)). Suppose s + 4*s - i = 0. Is s a prime number?
True
Let r be (-15)/60 + 13722/8. Let k = -654 + r. Is k prime?
True
Let d be 4/(-3) - 2290/(-30). Suppose -324 = -3*x - d. Is x prime?
True
Suppose 3*f + 7*f = -70. Is (-1)/((7/662)/f) a prime number?
False
Let o = 39 - 48. Suppose 0*y + 280 = 2*y. Is y + 1 + (o - -9) composite?
True
Suppose 5*s + k - 31979 = 0, -231 + 25799 = 4*s - 3*k. Is s prime?
False
Let d(m) = 1543*m**2 + 18*m - 18. Is d(1) composite?
False
Let f = -422 + 2269. Is f composite?
False
Let k be (-12)/(-5) + -2 + (-6876)/(-60). Suppose -5*g + 1010 = 5*v, -3*g - k = 5*v - 719. Is g composite?
True
Let j = -28500 - -51269. Is j composite?
False
Let q = 1 + -21. Let z = q - -23. Is 2 + -3 + 1041/z composite?
True
Let a be (4122/(-12))/(1/6). Let v = a + 6233. Suppose 5*w - v = w. Is w a composite number?
True
Suppose -1019 - 966 = -y. Is y composite?
True
Let v be -6 + 279 + (-2 - -5). Let s = v + 493. Is s composite?
False
Let z be -2 + (-3 - (-3 + -20)). Let x(k) = k**3 - 17*k**2 + 11*k + 20. Is x(z) a composite number?
True
Let l(m) = 7*m**2 - 6*m - 6. Let a be l(11). Suppose 229 = 4*t - a. Is t composite?
False
Let j(n) = 12*n**2 + 10*n - 19. Suppose 4*m = 2*m + 4*w - 4, -5*m + 5*w = 25. Is j(m) a prime number?
False
Suppose -5*t - 15 = i + 7, 0 = -4*i + t + 17. Let b(l) = l + l + 3*l**2 + 1 - 288*l**i - 3*l**2. Is b(-1) composite?
True
Suppose h - 3*d - 53 = -0*d, 4*h - 137 = -3*d. Suppose -34*m = -h*m + 132. Is m a composite number?
True
Suppose -4*d + 692 = 4*q, 9*q - 4*q + 674 = 4*d. Let i = 907 + -605. Let k = i - d. Is k a composite number?
False
Let d(c) be the third derivative of 26*c**4/3 + 7*c**3/2 - 24*c**2. Is d(9) prime?
False
Let d(b) = -2*b**3 - 20*b**2 - 29*b - 1. Let g be 2/(-10) - 177/15. Is d(g) a composite number?
True
Let v(a) = 47*a + 38. Is v(25) a prime number?
True
Suppose 32*n = -n + 571461. Is n a composite number?
False
Suppose 0 = j - 2*j - b + 2, 2*j - 22 = 4*b. Suppose -4*a = j*p - 5045, 3*a = 5*a - 2*p - 2500. Is a a composite number?
True
Let n = -2 + 1. Let v(p) = -24*p - 33. Let a be v(-2). Let z = a + n. Is z a composite number?
True
Let h = 56675 - 23434. Is h a composite number?
True
Let m(f) = 1079*f**3 - 4*f + 4. Let n be m(2). Suppose -8*o - n = -14*o. Is o prime?
False
Let q be (2 - 6)*1/4. Is q/((-4)/(-4 - -80)) a composite number?
False
Let n(z) = z**2 - 19*z + 3. Let c be n(14). Suppose 0 = -2*g - 3*g + 680. Let j = g + c. Is j composite?
True
Let x(z) = z**3 + z**2 - z - 1. Let j(y) = 2*y**3 - 2*y**2 + 2*y - 3. Let w(b) = -j(b) - 2*x(b). Is w(-5) composite?
True
Let f(z) = 3 - 8 - 3*z + 5 + 2. Let t be f(-1). Suppose t*a - 52 = -4*k + a, 2*a - 65 = -5*k. Is k prime?
True
Suppose 5*u - 477 + 37 = 0. Suppose -t + u + 169 = 0. Is t a composite number?
False
Let a = 28 + -22. Let j(q) = q**3 + q**2 - q + 11. Is j(a) a prime number?
True
Let c(s) = s**2 - s - 4. Let z be c(3). Suppose z*k - o = 4*o - 9, 5*k + 3*o = -7. Let l(m) = -77*m - 5. Is l(k) prime?
True
Suppose 2*z + 13156 = 4*t + 5*z, 0 = 3*t - 4*z - 9892. Suppose 3*h = -3*p + 3780, -4*h + 1747 = 3*p - t. Is h a prime number?
True
Suppose 2*z + 5*a = 17786, -2*z + 10*a - 11*a = -17802. Is z prime?
False
Suppose 13*r = 17*r + 712. Is (r/8)/((-5)/20) prime?
True
Suppose 0 = -4*d - 14 + 350. Suppose -d + 22 = -h. Let r = h + 825. Is r a prime number?
True
Let u be 22684/(-32) + (-3)/24. Let f = u + 1394. Is f composite?
True
Suppose 10 - 40 = -5*o. Let h = -58 + o. Let j = 45 - h. Is j prime?
True
Let c(u) = 23*u**3 - 7*u + 23. Is c(3) prime?
False
Suppose -3*d + 5*n = 5760 - 16502, 5*d - 17920 = 5*n. Is d a composite number?
True
Suppose -n - 3*z + 363 = 2*n, -5*n + 597 = z. Suppose -n = -6*g + 451. Is g prime?
False
Let o(q) = -q**3 - 8*q**2. Let n be o(-8). Let h(c) = 11*c**2 + n*c**3 + 6*c - 17 + 4*c + 5*c - c**3. Is h(12) a prime number?
True
Let t(d) = 7*d**2 - 12*d - 12. Is t(9) a prime number?
False
Let h(c) = -c**2 + 19*c + 15. Let v(i) = -3*i + 2. Let d be v(-4). Is h(d) composite?
True
Let s = 42 - 65. Let z be (-95)/(-2) - (-1)/2. Let i = z + s. Is i a composite number?
True
Let v(p) = -34*p - 5. Let j(n) = -35*n - 6. Let y(w) = 4*j(w) - 5*v(w). Is y(9) composite?
False
Suppose f = 9 + 14. Let c = 36 - f. Suppose -15*b + 1182 = -c*b. Is b composite?
True
Suppose x + x - 114206 = 0. Is x prime?
False
Let v(k) = -k + 3. Let l be v(5). Is (-1)/l + (-9185)/(-10) composite?
False
Let f(b) = 1 - 21*b**2 + 58*b**2 + b - 22*b**2 - 16*b**2 - b**3. Let n(y) = y**3 - 5*y**2 - 6*y - 2. Let x be n(6). Is f(x) prime?
True
Let y = 12371 - 8608. Is y prime?
False
Let m(k) be the third derivative of 247*k**4/24 - 3*k**3 - 6*k**2. Is m(5) composite?
False
Let m(f) = -f**3 + 6*f**2 + 11*f - 9. Let c be m(7). Suppose 0*z - z - 3*g = -c, -3*g - 95 = -5*z. Let v = 64 + z. Is v a prime number?
True
Let g(x) = 91*x + 54. Is g(11) prime?
False
Let o = -55 + 59. Let k(s) = 8*s**3 - 3*s**2 - s - 11. Is k(o) a composite number?
False
Suppose 2*r - 2 = 4. Let i(f) = 6*f**3 + 8*f**2 + 8. Let b(x) = 5*x**3 + 7*x**2 + 7. Let t(p) = 4*b(p) - 3*i(p). Is t(r) a prime number?
False
Let b(n) = -6*n**2 - 12*n - 21. Let i be b(-11). Let y = 1006 + i. Is y a composite number?
True
Suppose -3*v = -3*f - 37038, 5*v + 5*f + 0*f - 61760 = 0. Is v composite?
True
Suppose -29291 - 29218 = -27*k. Is k a prime number?
False
Suppose 4106 + 11494 = 6*v. Suppose 5*g = 5*c - 615 + v, 4*g - 1584 = 2*c. Is g a composite number?
True
Is 57227 + ((-12)/(-10))/(2/(-10)) a composite number?
False
Suppose 3*c + 0*c + 5*o = 21, 0 = 2*c + 3*o - 13. Let k(a) = -203*a + 5. Let g be k(c). Let u = -274 - g. Is u a composite number?
False
Suppose -5*h = p, -4*p + 3*h = 2*h. Let d be (p + 3)*14/21. Suppose -z + 471 = d*z. Is z a prime number?
True
Suppose -3 = 2*m - 7. Let p(y) = 4*y - 3. Let k be p(m). Suppose 3*h + 106 = k*h. Is h a prime number?
True
Let l(x) be the first derivative of 3*x**4/4 + 4*x**3/3 + 19*x**2/2 + 5*x - 36. Is l(8) composite?
False
Suppose 5*l + 3*c - 18 = -0*l, 4*l - 3*c - 36 = 0. Is l/1*(-4927)/(-78) a composite number?
False
Let s(q) = -10*q**2 - 7*q + 7. Let n be s(-9). Is ((-3)/(-6))/((-5)/n) a composite number?
True
Suppose 16 = -5*f + 1. Let q(a) = -128*a - 1. Let u be q(f). Suppose 2*c - 5 = u. Is c a composite number?
True
Let o(r) = 10*r**3 - r**2 + 1. Let u be (0/(-3))/(-1) + -1. Let a be o(u). Let b = -3 - a. Is b a composite number?
False
Let c(k) = 2*k**3 + 7*k**2 + 8*k - 2. Let l(b) = b**3 + b. Let m(w) = -c(w) + 5*l(w). Is m(7) composite?
True
Let u(i) = 13*i**2 + 3*i - 2. Let m be u(1). Suppose -m*f = -0*f - 11746. Is f prime?
True
Let y = 9 - 8. Is ((-12)/9 + y)*-177 prime?
True
Suppose 4 - 13 = -3*x. Is 0 + -3 + x + 47 a prime number?
True
Let g = -1315 + 2192. Is g a composite number?
False
Let a(r) = -9 + 5 + 18*r**2 - 10*r + 45*r - 9 - r**3. Is a(14) composite?
True
Let g(s) = -s**3 + 19*s**2 + s - 14. Let k be g(19). Suppose k*b - 612 = 433. Is b a prime number?
False
Is ((-7061)/(-6))/(2/12) prime?
False
Let i(f) = 231*f + 2. Let v be i(2). Suppose -3*d = -265 - v. Let j = 1078 - d. Is j composite?
True
Is (-7)/14*-8 - 15411/(-1) prime?
False
Suppose q - 12 - 5 = 0. Let j = 99 - q. Is j composite?
True
Let m be (-9)/(-18)*(-2 + 32). Suppose -5*t - 150 = -2*x, -x - 3*t + 82 = -m. Is x composite?
True
Let y(g) = 8*g**3 + 2*g**2 + 3*g - 5. Let f be y(5). Let a = f - 695. Let r = 624 - a. Is r a prime number?
False
Let g = -8803 - -13874. Is g a prime number?
False
Let g = 1 + -1. Let c be g/(-2) - -74*4. Suppose -c - 319 = -2*w - q, 3*q = 5*w - 1532. Is w a composite number?